ors of 195830.
2, 5, 19583
What are the prime factors of 25832650?
2, 5, 516653
List the prime factors of 505038.
2, 3, 41, 2053
What are the prime factors of 1702828?
2, 23, 83, 223
List the prime factors of 118332.
2, 3, 19, 173
What are the prime factors of 22848355?
5, 19, 240509
List the prime factors of 271318.
2, 293, 463
What are the prime factors of 4510451?
11, 41, 73, 137
What are the prime factors of 811901?
149, 5449
List the prime factors of 1561472.
2, 11, 1109
List the prime factors of 856279.
856279
What are the prime factors of 524792?
2, 65599
What are the prime factors of 1322956?
2, 31, 47, 227
List the prime factors of 3660.
2, 3, 5, 61
What are the prime factors of 493852?
2, 331, 373
What are the prime factors of 338525?
5, 11, 1231
List the prime factors of 1994768.
2, 124673
List the prime factors of 2431876.
2, 419, 1451
What are the prime factors of 19605998?
2, 17, 576647
What are the prime factors of 5390799?
3, 313, 5741
What are the prime factors of 5552188?
2, 277, 5011
List the prime factors of 7732805.
5, 41, 67, 563
What are the prime factors of 1908304?
2, 41, 2909
List the prime factors of 684163.
684163
List the prime factors of 135170.
2, 5, 7, 1931
List the prime factors of 26098437.
3, 83, 281, 373
What are the prime factors of 125428?
2, 31357
What are the prime factors of 354113?
31, 11423
What are the prime factors of 342167?
7, 6983
What are the prime factors of 199580?
2, 5, 17, 587
List the prime factors of 1234193.
71, 17383
List the prime factors of 450082.
2, 139, 1619
List the prime factors of 8155824.
2, 3, 169913
List the prime factors of 509535.
3, 5, 13, 67
List the prime factors of 5156702.
2, 2578351
List the prime factors of 84994.
2, 7, 13, 467
What are the prime factors of 785028?
2, 3, 65419
What are the prime factors of 407417?
19, 41, 523
List the prime factors of 1151625.
3, 5, 37, 83
What are the prime factors of 1005695?
5, 201139
What are the prime factors of 955371?
3, 318457
List the prime factors of 2455279.
2455279
List the prime factors of 221038.
2, 29, 37, 103
What are the prime factors of 515895?
3, 5, 163, 211
List the prime factors of 3417143.
3417143
What are the prime factors of 5585070?
2, 3, 5, 83, 2243
List the prime factors of 8624318.
2, 1663, 2593
What are the prime factors of 995461?
995461
What are the prime factors of 1374346?
2, 19, 59, 613
What are the prime factors of 223464?
2, 3, 9311
What are the prime factors of 224392?
2, 7, 4007
What are the prime factors of 793751?
7, 97, 167
List the prime factors of 1657755.
3, 5, 11, 17, 197
What are the prime factors of 15162615?
3, 5, 13, 25919
List the prime factors of 3670346.
2, 157, 11689
What are the prime factors of 13362604?
2, 859, 3889
What are the prime factors of 1763582?
2, 593, 1487
List the prime factors of 1653803.
71, 23293
List the prime factors of 17839410.
2, 3, 5, 43, 13829
What are the prime factors of 698574?
2, 3, 173, 673
List the prime factors of 5481996.
2, 3, 13, 35141
List the prime factors of 781612.
2, 13, 15031
List the prime factors of 5464351.
79, 263
What are the prime factors of 20888812?
2, 7, 103, 7243
List the prime factors of 254060.
2, 5, 12703
List the prime factors of 804136.
2, 100517
What are the prime factors of 442279?
29, 101, 151
What are the prime factors of 202094?
2, 37, 2731
What are the prime factors of 1446552?
2, 3, 37, 181
List the prime factors of 151970.
2, 5, 7, 13, 167
List the prime factors of 481842.
2, 3, 8923
List the prime factors of 227830.
2, 5, 22783
List the prime factors of 227677.
19, 23, 521
List the prime factors of 14448.
2, 3, 7, 43
What are the prime factors of 59676?
2, 3, 4973
What are the prime factors of 239826?
2, 3, 39971
What are the prime factors of 1032304?
2, 7, 13, 709
List the prime factors of 202435.
5, 40487
List the prime factors of 8483132.
2, 7, 302969
What are the prime factors of 399991?
53, 7547
What are the prime factors of 1265743?
137, 9239
List the prime factors of 3665431.
7, 11, 181, 263
What are the prime factors of 110742?
2, 3, 18457
List the prime factors of 20536712.
2, 7, 366727
What are the prime factors of 1129723?
7, 199, 811
List the prime factors of 4293739.
37, 116047
List the prime factors of 4885636.
2, 7, 174487
List the prime factors of 13936292.
2, 3484073
What are the prime factors of 347721?
3, 11, 41, 257
List the prime factors of 1482089.
7, 211727
List the prime factors of 3060567.
3, 340063
List the prime factors of 5155294.
2, 199, 12953
List the prime factors of 282113.
13, 21701
What are the prime factors of 1319343?
3, 439781
List the prime factors of 5094326.
2, 1151, 2213
List the prime factors of 4282104.
2, 3, 67, 2663
List the prime factors of 1573245.
3, 5, 34961
List the prime factors of 3509399.
1151, 3049
List the prime factors of 32474.
2, 13, 1249
List the prime factors of 176757.
3, 7, 19, 443
List the prime factors of 2565478.
2, 1282739
What are the prime factors of 159496?
2, 19937
List the prime factors of 3448413.
3, 23, 617
List the prime factors of 1396226.
2, 13, 83, 647
What are the prime factors of 14945318?
2, 7472659
List the prime factors of 1308631.
23, 56897
List the prime factors of 4511261.
4511261
List the prime factors of 4106388.
2, 3, 11, 13, 2393
List the prime factors of 2020303.
83, 101, 241
List the prime factors of 1613897.
347, 4651
List the prime factors of 92867.
92867
What are the prime factors of 4510953?
3, 501217
What are the prime factors of 1233222?
2, 3, 205537
What are the prime factors of 391272?
2, 3, 7, 17, 137
What are the prime factors of 5743620?
2, 3, 5, 17, 1877
List the prime factors of 151011.
3, 7, 17, 47
What are the prime factors of 991993?
103, 9631
What are the prime factors of 470384?
2, 29399
List the prime factors of 4249869.
3, 13, 108971
What are the prime factors of 318251?
23, 101, 137
What are the prime factors of 321150?
2, 3, 5, 2141
What are the prime factors of 21967648?
2, 19, 36131
What are the prime factors of 368939?
368939
List the prime factors of 4585060.
2, 5, 229253
What are the prime factors of 97816?
2, 12227
List the prime factors of 159929.
7, 11, 31, 67
List the prime factors of 690289.
19, 47, 773
What are the prime factors of 9096088?
2, 17, 66883
What are the prime factors of 1228907?
1228907
What are the prime factors of 15463300?
2, 5, 239, 647
List the prime factors of 968808.
2, 3, 37, 1091
What are the prime factors of 379364?
2, 94841
List the prime factors of 14239602.
2, 3, 13, 31, 151
List the prime factors of 334589.
53, 59, 107
List the prime factors of 9829506.
2, 3, 1638251
What are the prime factors of 4741431?
3, 19, 193, 431
What are the prime factors of 393495?
3, 5, 37, 709
List the prime factors of 1179625.
5, 9437
What are the prime factors of 357106?
2, 29, 47, 131
List the prime factors of 82270.
2, 5, 19, 433
List the prime factors of 1204353.
3, 19, 7043
What are the prime factors of 68182?
2, 73, 467
What are the prime factors of 500147?
443, 1129
What are the prime factors of 12455?
5, 47, 53
List the prime factors of 53625.
3, 5, 11, 13
List the prime factors of 170341.
170341
List the prime factors of 2250490.
2, 5, 11, 41, 499
List the prime factors of 8966660.
2, 5, 47, 9539
What are the prime factors of 380462?
2, 181, 1051
What are the prime factors of 3577467?
3, 61, 113, 173
What are the prime factors of 715795?
5, 143159
List the prime factors of 775508.
2, 193877
List the prime factors of 377612.
2, 67, 1409
What are the prime factors of 240014?
2, 41, 2927
What are the prime factors of 968205?
3, 5, 7, 9221
List the prime factors of 577198.
2, 41, 7039
What are the prime factors of 679540?
2, 5, 61, 557
What are the prime factors of 3295843?
3295843
List the prime factors of 19595623.
3371, 5813
What are the prime factors of 1179530?
2, 5, 11, 10723
What are the prime factors of 3689831?
163, 22637
List the prime factors of 15011061.
3, 13, 151, 2549
List the prime factors of 36360.
2, 3, 5, 101
What are the prime factors of 18145576?
2, 2268197
What are the prime factors of 14743806?
2, 3, 7, 11, 47, 97
List the prime factors of 1695708.
2, 3, 7, 2243
List the prime factors of 5131005.
3, 5, 11, 257
List the prime factors of 2194153.
13, 168781
Lis